{"version":"1.0","provider_name":"1975: Dena jokoan zegoen urtea","provider_url":"https:\/\/1975-2025erakusketa.eus\/es\/","author_name":"2klik","author_url":"https:\/\/1975-2025erakusketa.eus\/es\/author\/2klik_h34h\/","title":"Convocatoria unitaria en Gernika - 1975: Dena jokoan zegoen urtea","type":"rich","width":600,"height":338,"html":"<blockquote class=\"wp-embedded-content\" data-secret=\"1u8tlMxm80\"><a href=\"https:\/\/1975-2025erakusketa.eus\/es\/panela\/convocatoria-unitaria-en-gernika\/\">Convocatoria unitaria en Gernika<\/a><\/blockquote><iframe sandbox=\"allow-scripts\" security=\"restricted\" src=\"https:\/\/1975-2025erakusketa.eus\/es\/panela\/convocatoria-unitaria-en-gernika\/embed\/#?secret=1u8tlMxm80\" width=\"600\" height=\"338\" title=\"\u00abConvocatoria unitaria en Gernika\u00bb \u2014 1975: Dena jokoan zegoen urtea\" data-secret=\"1u8tlMxm80\" frameborder=\"0\" marginwidth=\"0\" marginheight=\"0\" scrolling=\"no\" class=\"wp-embedded-content\"><\/iframe><script>\n\/*! This file is auto-generated *\/\n!function(d,l){\"use strict\";l.querySelector&&d.addEventListener&&\"undefined\"!=typeof URL&&(d.wp=d.wp||{},d.wp.receiveEmbedMessage||(d.wp.receiveEmbedMessage=function(e){var t=e.data;if((t||t.secret||t.message||t.value)&&!\/[^a-zA-Z0-9]\/.test(t.secret)){for(var s,r,n,a=l.querySelectorAll('iframe[data-secret=\"'+t.secret+'\"]'),o=l.querySelectorAll('blockquote[data-secret=\"'+t.secret+'\"]'),c=new RegExp(\"^https?:$\",\"i\"),i=0;i<o.length;i++)o[i].style.display=\"none\";for(i=0;i<a.length;i++)s=a[i],e.source===s.contentWindow&&(s.removeAttribute(\"style\"),\"height\"===t.message?(1e3<(r=parseInt(t.value,10))?r=1e3:~~r<200&&(r=200),s.height=r):\"link\"===t.message&&(r=new URL(s.getAttribute(\"src\")),n=new URL(t.value),c.test(n.protocol))&&n.host===r.host&&l.activeElement===s&&(d.top.location.href=t.value))}},d.addEventListener(\"message\",d.wp.receiveEmbedMessage,!1),l.addEventListener(\"DOMContentLoaded\",function(){for(var e,t,s=l.querySelectorAll(\"iframe.wp-embedded-content\"),r=0;r<s.length;r++)(t=(e=s[r]).getAttribute(\"data-secret\"))||(t=Math.random().toString(36).substring(2,12),e.src+=\"#?secret=\"+t,e.setAttribute(\"data-secret\",t)),e.contentWindow.postMessage({message:\"ready\",secret:t},\"*\")},!1)))}(window,document);\n<\/script>\n","thumbnail_url":"https:\/\/1975-2025erakusketa.eus\/wp-content\/uploads\/2025\/09\/07-denok-gernikara-ES.jpg","thumbnail_width":800,"thumbnail_height":1200,"description":"Convocatoria unitariaen Gernika Aberri Eguna de 1975 La evidencia de la proximidad del final f\u00edsico del franquismo (debido al precario estado de salud del jefe del Estado) hizo que la movilizaci\u00f3n del Aberri Eguna adquiriera cierta visibilidad, con el apoyo incluso de fuerzas pol\u00edticas de obediencia estatal que se situaban en la oposici\u00f3n al franquismo. [&hellip;]"}

Convocatoria unitariaen Gernika Aberri Eguna de 1975 La evidencia de la proximidad del final físico del franquismo (debido al precario estado de salud del jefe del Estado) hizo que la movilización del Aberri Eguna adquiriera cierta visibilidad, con el apoyo incluso de fuerzas políticas de obediencia estatal que se situaban en la oposición al franquismo. [&hellip;]
