{"version":"1.0","provider_name":"1975: Dena jokoan zegoen urtea","provider_url":"https:\/\/1975-2025erakusketa.eus\/fr\/","author_name":"2klik","author_url":"https:\/\/1975-2025erakusketa.eus\/fr\/author\/2klik_h34h\/","title":"Les \u00abprovinces tra\u00eetresses\u00bb - 1975: Dena jokoan zegoen urtea","type":"rich","width":600,"height":338,"html":"<blockquote class=\"wp-embedded-content\" data-secret=\"A5wFylCq8R\"><a href=\"https:\/\/1975-2025erakusketa.eus\/fr\/panela\/les-provinces-traitresses\/\">Les \u00abprovinces tra\u00eetresses\u00bb<\/a><\/blockquote><iframe sandbox=\"allow-scripts\" security=\"restricted\" src=\"https:\/\/1975-2025erakusketa.eus\/fr\/panela\/les-provinces-traitresses\/embed\/#?secret=A5wFylCq8R\" width=\"600\" height=\"338\" title=\"\u00ab\u00a0Les \u00abprovinces tra\u00eetresses\u00bb\u00a0\u00bb &#8212; 1975: Dena jokoan zegoen urtea\" data-secret=\"A5wFylCq8R\" frameborder=\"0\" marginwidth=\"0\" marginheight=\"0\" scrolling=\"no\" class=\"wp-embedded-content\"><\/iframe><script>\n\/*! This file is auto-generated *\/\n!function(d,l){\"use strict\";l.querySelector&&d.addEventListener&&\"undefined\"!=typeof URL&&(d.wp=d.wp||{},d.wp.receiveEmbedMessage||(d.wp.receiveEmbedMessage=function(e){var t=e.data;if((t||t.secret||t.message||t.value)&&!\/[^a-zA-Z0-9]\/.test(t.secret)){for(var s,r,n,a=l.querySelectorAll('iframe[data-secret=\"'+t.secret+'\"]'),o=l.querySelectorAll('blockquote[data-secret=\"'+t.secret+'\"]'),c=new RegExp(\"^https?:$\",\"i\"),i=0;i<o.length;i++)o[i].style.display=\"none\";for(i=0;i<a.length;i++)s=a[i],e.source===s.contentWindow&&(s.removeAttribute(\"style\"),\"height\"===t.message?(1e3<(r=parseInt(t.value,10))?r=1e3:~~r<200&&(r=200),s.height=r):\"link\"===t.message&&(r=new URL(s.getAttribute(\"src\")),n=new URL(t.value),c.test(n.protocol))&&n.host===r.host&&l.activeElement===s&&(d.top.location.href=t.value))}},d.addEventListener(\"message\",d.wp.receiveEmbedMessage,!1),l.addEventListener(\"DOMContentLoaded\",function(){for(var e,t,s=l.querySelectorAll(\"iframe.wp-embedded-content\"),r=0;r<s.length;r++)(t=(e=s[r]).getAttribute(\"data-secret\"))||(t=Math.random().toString(36).substring(2,12),e.src+=\"#?secret=\"+t,e.setAttribute(\"data-secret\",t)),e.contentWindow.postMessage({message:\"ready\",secret:t},\"*\")},!1)))}(window,document);\n<\/script>\n","thumbnail_url":"https:\/\/1975-2025erakusketa.eus\/wp-content\/uploads\/2025\/09\/04-provincias-traidoras-FRA.jpg","thumbnail_width":800,"thumbnail_height":1200,"description":"Provincestra\u00eetresses Le franquisme au Pays Basque Maravillas Lamberto Agirre Lehendakaria Apr\u00e8s la guerre de 1936, la Biscaye et le Guip\u00fazcoa sont d\u00e9clar\u00e9s \u00ab\u00a0provinces tra\u00eetres\u00a0\u00bb car ils sont rest\u00e9s loyaux \u00e0 la IIe R\u00e9publique. Le 23 juin 1937, quatre jours apr\u00e8s la prise de Bilbao par les troupes fascistes, Franco a abrog\u00e9 l&rsquo;accord \u00e9conomique (\u00ab\u00a0Concierto Econ\u00f3mico\u00a0\u00bb) [&hellip;]"}

Les «provinces traîtresses» - 1975: Dena jokoan zegoen urtea

<blockquote class="wp-embedded-content" data-secret="A5wFylCq8R"><a href="https://1975-2025erakusketa.eus/fr/panela/les-provinces-traitresses/">Les «provinces traîtresses»</a></blockquote><iframe sandbox="allow-scripts" security="restricted" src="https://1975-2025erakusketa.eus/fr/panela/les-provinces-traitresses/embed/#?secret=A5wFylCq8R" width="600" height="338" title="« Les «provinces traîtresses» » &#8212; 1975: Dena jokoan zegoen urtea" data-secret="A5wFylCq8R" frameborder="0" marginwidth="0" marginheight="0" scrolling="no" class="wp-embedded-content"></iframe><script>
/*! This file is auto-generated */
!function(d,l){"use strict";l.querySelector&&d.addEventListener&&"undefined"!=typeof URL&&(d.wp=d.wp||{},d.wp.receiveEmbedMessage||(d.wp.receiveEmbedMessage=function(e){var t=e.data;if((t||t.secret||t.message||t.value)&&!/[^a-zA-Z0-9]/.test(t.secret)){for(var s,r,n,a=l.querySelectorAll('iframe[data-secret="'+t.secret+'"]'),o=l.querySelectorAll('blockquote[data-secret="'+t.secret+'"]'),c=new RegExp("^https?:$","i"),i=0;i<o.length;i++)o[i].style.display="none";for(i=0;i<a.length;i++)s=a[i],e.source===s.contentWindow&&(s.removeAttribute("style"),"height"===t.message?(1e3<(r=parseInt(t.value,10))?r=1e3:~~r<200&&(r=200),s.height=r):"link"===t.message&&(r=new URL(s.getAttribute("src")),n=new URL(t.value),c.test(n.protocol))&&n.host===r.host&&l.activeElement===s&&(d.top.location.href=t.value))}},d.addEventListener("message",d.wp.receiveEmbedMessage,!1),l.addEventListener("DOMContentLoaded",function(){for(var e,t,s=l.querySelectorAll("iframe.wp-embedded-content"),r=0;r<s.length;r++)(t=(e=s[r]).getAttribute("data-secret"))||(t=Math.random().toString(36).substring(2,12),e.src+="#?secret="+t,e.setAttribute("data-secret",t)),e.contentWindow.postMessage({message:"ready",secret:t},"*")},!1)))}(window,document);
</script>

Provincestraîtresses Le franquisme au Pays Basque Maravillas Lamberto Agirre Lehendakaria Après la guerre de 1936, la Biscaye et le Guipúzcoa sont déclarés « provinces traîtres » car ils sont restés loyaux à la IIe République. Le 23 juin 1937, quatre jours après la prise de Bilbao par les troupes fascistes, Franco a abrogé l&rsquo;accord économique (« Concierto Económico ») [&hellip;]
