{"version":"1.0","provider_name":"1975: Dena jokoan zegoen urtea","provider_url":"https:\/\/1975-2025erakusketa.eus\/fr\/","author_name":"2klik","author_url":"https:\/\/1975-2025erakusketa.eus\/fr\/author\/2klik_h34h\/","title":"Unie, grande et libre - 1975: Dena jokoan zegoen urtea","type":"rich","width":600,"height":338,"html":"<blockquote class=\"wp-embedded-content\" data-secret=\"1gd4saiWLe\"><a href=\"https:\/\/1975-2025erakusketa.eus\/fr\/panela\/unie-grande-et-libre\/\">Unie, grande et libre<\/a><\/blockquote><iframe sandbox=\"allow-scripts\" security=\"restricted\" src=\"https:\/\/1975-2025erakusketa.eus\/fr\/panela\/unie-grande-et-libre\/embed\/#?secret=1gd4saiWLe\" width=\"600\" height=\"338\" title=\"\u00ab\u00a0Unie, grande et libre\u00a0\u00bb &#8212; 1975: Dena jokoan zegoen urtea\" data-secret=\"1gd4saiWLe\" frameborder=\"0\" marginwidth=\"0\" marginheight=\"0\" scrolling=\"no\" class=\"wp-embedded-content\"><\/iframe><script>\n\/*! This file is auto-generated *\/\n!function(d,l){\"use strict\";l.querySelector&&d.addEventListener&&\"undefined\"!=typeof URL&&(d.wp=d.wp||{},d.wp.receiveEmbedMessage||(d.wp.receiveEmbedMessage=function(e){var t=e.data;if((t||t.secret||t.message||t.value)&&!\/[^a-zA-Z0-9]\/.test(t.secret)){for(var s,r,n,a=l.querySelectorAll('iframe[data-secret=\"'+t.secret+'\"]'),o=l.querySelectorAll('blockquote[data-secret=\"'+t.secret+'\"]'),c=new RegExp(\"^https?:$\",\"i\"),i=0;i<o.length;i++)o[i].style.display=\"none\";for(i=0;i<a.length;i++)s=a[i],e.source===s.contentWindow&&(s.removeAttribute(\"style\"),\"height\"===t.message?(1e3<(r=parseInt(t.value,10))?r=1e3:~~r<200&&(r=200),s.height=r):\"link\"===t.message&&(r=new URL(s.getAttribute(\"src\")),n=new URL(t.value),c.test(n.protocol))&&n.host===r.host&&l.activeElement===s&&(d.top.location.href=t.value))}},d.addEventListener(\"message\",d.wp.receiveEmbedMessage,!1),l.addEventListener(\"DOMContentLoaded\",function(){for(var e,t,s=l.querySelectorAll(\"iframe.wp-embedded-content\"),r=0;r<s.length;r++)(t=(e=s[r]).getAttribute(\"data-secret\"))||(t=Math.random().toString(36).substring(2,12),e.src+=\"#?secret=\"+t,e.setAttribute(\"data-secret\",t)),e.contentWindow.postMessage({message:\"ready\",secret:t},\"*\")},!1)))}(window,document);\n<\/script>\n","thumbnail_url":"https:\/\/1975-2025erakusketa.eus\/wp-content\/uploads\/2025\/09\/03-una-grande-y-libre-FRA.jpg","thumbnail_width":800,"thumbnail_height":1200,"description":"Unie, grandeet libre Mise en contexte historique du franquisme On appelle \u00abfranquisme\u00bb la p\u00e9riode relative \u00e0 la dictature franquiste qui couvre de 1939 \u00e0 1975. La guerre de 1936 en Espagne (1936-1939) a commenc\u00e9 par un coup d&rsquo;\u00c9tat contre la IIe R\u00e9publique, coup o\u00f9 Franco s&rsquo;est empar\u00e9 du pouvoir apr\u00e8s quelques diff\u00e9rends initiaux avec d&rsquo;autres [&hellip;]"}

Unie, grandeet libre Mise en contexte historique du franquisme On appelle «franquisme» la période relative à la dictature franquiste qui couvre de 1939 à 1975. La guerre de 1936 en Espagne (1936-1939) a commencé par un coup d&rsquo;État contre la IIe République, coup où Franco s&rsquo;est emparé du pouvoir après quelques différends initiaux avec d&rsquo;autres [&hellip;]
